{"id":351,"date":"2014-05-16T09:42:33","date_gmt":"2014-05-16T09:42:33","guid":{"rendered":"http:\/\/eisenacher-aufbruch.de\/wordpress\/?page_id=351"},"modified":"2018-05-25T10:52:19","modified_gmt":"2018-05-25T10:52:19","slug":"ea-kandidaten-zur-kommunalwahl-2014","status":"publish","type":"page","link":"https:\/\/eisenacher-aufbruch.de\/wordpress\/kommunalpolitik\/ea-kandidaten-zur-kommunalwahl-2014\/","title":{"rendered":"EA-Kandidaten zur Kommunalwahl 2014"},"content":{"rendered":"<p><a href=\"https:\/\/eisenacher-aufbruch.de\/wordpress\/wp-content\/uploads\/2014\/05\/FH-S1.jpg\"><img loading=\"lazy\" decoding=\"async\" class=\"alignnone size-medium wp-image-352\" src=\"https:\/\/eisenacher-aufbruch.de\/wordpress\/wp-content\/uploads\/2014\/05\/FH-S1-210x300.jpg\" alt=\"FH-S1\" width=\"210\" height=\"300\" srcset=\"https:\/\/eisenacher-aufbruch.de\/wordpress\/wp-content\/uploads\/2014\/05\/FH-S1-210x300.jpg 210w, https:\/\/eisenacher-aufbruch.de\/wordpress\/wp-content\/uploads\/2014\/05\/FH-S1.jpg 433w\" sizes=\"auto, (max-width: 210px) 100vw, 210px\" \/><\/a> <a title=\"Wahlzeitung des EA zur Kommunalwahl 2014\" href=\"https:\/\/eisenacher-aufbruch.de\/wordpress\/?p=243\"><img loading=\"lazy\" decoding=\"async\" class=\"alignnone size-medium wp-image-353\" src=\"https:\/\/eisenacher-aufbruch.de\/wordpress\/wp-content\/uploads\/2014\/05\/FH-S2-209x300.jpg\" alt=\"FH-S2\" width=\"209\" height=\"300\" srcset=\"https:\/\/eisenacher-aufbruch.de\/wordpress\/wp-content\/uploads\/2014\/05\/FH-S2-209x300.jpg 209w, https:\/\/eisenacher-aufbruch.de\/wordpress\/wp-content\/uploads\/2014\/05\/FH-S2.jpg 432w\" sizes=\"auto, (max-width: 209px) 100vw, 209px\" \/><\/a> <a href=\"https:\/\/eisenacher-aufbruch.de\/wordpress\/wp-content\/uploads\/2014\/05\/FH-S3.jpg\"><img loading=\"lazy\" decoding=\"async\" class=\"alignnone size-medium wp-image-354\" src=\"https:\/\/eisenacher-aufbruch.de\/wordpress\/wp-content\/uploads\/2014\/05\/FH-S3-208x300.jpg\" alt=\"FH-S3\" width=\"208\" height=\"300\" srcset=\"https:\/\/eisenacher-aufbruch.de\/wordpress\/wp-content\/uploads\/2014\/05\/FH-S3-208x300.jpg 208w, https:\/\/eisenacher-aufbruch.de\/wordpress\/wp-content\/uploads\/2014\/05\/FH-S3.jpg 429w\" sizes=\"auto, (max-width: 208px) 100vw, 208px\" \/><\/a> <a href=\"https:\/\/eisenacher-aufbruch.de\/wordpress\/wp-content\/uploads\/2014\/05\/FP-S1.jpg\"><img loading=\"lazy\" decoding=\"async\" class=\"alignnone size-medium wp-image-355\" src=\"https:\/\/eisenacher-aufbruch.de\/wordpress\/wp-content\/uploads\/2014\/05\/FP-S1-207x300.jpg\" alt=\"FP-S1\" width=\"207\" height=\"300\" srcset=\"https:\/\/eisenacher-aufbruch.de\/wordpress\/wp-content\/uploads\/2014\/05\/FP-S1-207x300.jpg 207w, https:\/\/eisenacher-aufbruch.de\/wordpress\/wp-content\/uploads\/2014\/05\/FP-S1.jpg 426w\" sizes=\"auto, (max-width: 207px) 100vw, 207px\" \/><\/a> <a href=\"https:\/\/eisenacher-aufbruch.de\/wordpress\/wp-content\/uploads\/2014\/05\/FP-S2.jpg\"><img loading=\"lazy\" decoding=\"async\" class=\"alignnone size-medium wp-image-356\" src=\"https:\/\/eisenacher-aufbruch.de\/wordpress\/wp-content\/uploads\/2014\/05\/FP-S2-207x300.jpg\" alt=\"FP-S2\" width=\"207\" height=\"300\" srcset=\"https:\/\/eisenacher-aufbruch.de\/wordpress\/wp-content\/uploads\/2014\/05\/FP-S2-207x300.jpg 207w, https:\/\/eisenacher-aufbruch.de\/wordpress\/wp-content\/uploads\/2014\/05\/FP-S2.jpg 424w\" sizes=\"auto, (max-width: 207px) 100vw, 207px\" \/><\/a> <a href=\"https:\/\/eisenacher-aufbruch.de\/wordpress\/wp-content\/uploads\/2014\/05\/FP-S3.jpg\"><img loading=\"lazy\" decoding=\"async\" class=\"alignnone size-medium wp-image-357\" src=\"https:\/\/eisenacher-aufbruch.de\/wordpress\/wp-content\/uploads\/2014\/05\/FP-S3-206x300.jpg\" alt=\"FP-S3\" width=\"206\" height=\"300\" srcset=\"https:\/\/eisenacher-aufbruch.de\/wordpress\/wp-content\/uploads\/2014\/05\/FP-S3-206x300.jpg 206w, https:\/\/eisenacher-aufbruch.de\/wordpress\/wp-content\/uploads\/2014\/05\/FP-S3.jpg 425w\" sizes=\"auto, (max-width: 206px) 100vw, 206px\" \/><\/a><\/p>\n<p><strong>Ulla Fischer, 77 Jahre, Musikp\u00e4dagogin<\/strong><\/p>\n<p>Ich bin Gr\u00fcndungsmitglied, also schon 10 Jahre aktiv im EA, weil die Politik des EA genau meinen Vorstellungen entspricht: <em>\u201eUm uns selber m\u00fcssen wir uns selber k\u00fcmmern.\u201c<\/em> Wir m\u00f6chten den Eisenacher B\u00fcrgern Mut machen und ihnen zeigen, dass es sich lohnt, sich einzubringen, Dinge anzuschieben und andere zu verhindern. Das erfordert Mut und Tatkraft. Deshalb: <em>\u201eMacht mit \u2026 dann wird es Freude.\u201c<\/em><\/p>\n<p><strong>Ilka May, 41 Jahre, Mechatronikerin<\/strong><\/p>\n<p>Mir liegt die Zukunft unserer Kinder besonders am Herzen. Deswegen setze ich mich konsequent gegen Schlulschlie\u00dfungen, f\u00fcr bessere Ausstattung der Spielpl\u00e4tze und f\u00fcr den Umweltschutz ein. Ich bin der Meinung, es ist 1 Minute vor 12 und unterst\u00fctze die sofortige Umstellung auf 100% regenerative Energien sowie die Abschaltung aller Atomkraftwerke. Das wird nur durch den Widerstand von Millionen Menschen gegen die Atomlobby und ihre Helfershelfer in den Regierungen m\u00f6glich. Seit der Gr\u00fcndung vom EA 2003 bin ich im Vorstand aktiv.<\/p>\n<p>&nbsp;<\/p>\n<p><strong>Horst Wirthwein, 74 Jahre, Kaufmann<\/strong><\/p>\n<p>Ich bin in Eisenach seit 2002 aktiv im S\u00fcdstadtverein, im F\u00f6rderkreis zur Erhaltung Eisenachs sowie im Verkehrsverein. Der EA ist die einzige Plattform f\u00fcr eine demokratische Umgestaltung der Gesellschaft nicht nur in Eisenach. Sachliche und fachliche politische und Verwaltungsarbeit im Sinne der B\u00fcrger der Stadt ist das oberste Gebot des EA und f\u00fcr diese Arbeit stehe ich. Deshalb m\u00f6chte ich beim Eisenacher Aufbruch mithelfen, einen politischen und menschlichen Wandel \u2013 auch im Miteinander der im Sinne der B\u00fcrgerschaft agierenden B\u00fcrger \u2013 zu erreichen.<\/p>\n<p>weitere Kandidaten finden Sie auf den Seiten der Wahlzeitung des EA<\/p>\n<p><a href=\"https:\/\/eisenacher-aufbruch.de\/wordpress\/wp-content\/uploads\/2014\/05\/140505_EA-Wahlzeitung-Seite-005.pdf\">Seite 5 &#8211; Kandidatinnen und Kandidaten Platz 6-13<\/a><\/p>\n<p><a href=\"https:\/\/eisenacher-aufbruch.de\/wordpress\/wp-content\/uploads\/2014\/05\/140505_EA-Wahlzeitung-Seite-006.pdf\">Seite 6 &#8211; Kandidatinnenund Kandidaten Platz 14-22<\/a><\/p>\n<p>&nbsp;<\/p>\n","protected":false},"excerpt":{"rendered":"<p>Ulla Fischer, 77 Jahre, Musikp\u00e4dagogin Ich bin Gr\u00fcndungsmitglied, also schon 10 Jahre aktiv im EA, weil die Politik des EA genau meinen Vorstellungen entspricht: \u201eUm uns selber m\u00fcssen wir uns selber k\u00fcmmern.\u201c Wir m\u00f6chten den Eisenacher B\u00fcrgern Mut machen und &hellip; <a class=\"more-link\" href=\"https:\/\/eisenacher-aufbruch.de\/wordpress\/kommunalpolitik\/ea-kandidaten-zur-kommunalwahl-2014\/\">Weiterlesen <span class=\"meta-nav\">&rarr;<\/span><\/a><\/p>\n","protected":false},"author":2,"featured_media":0,"parent":1155,"menu_order":0,"comment_status":"open","ping_status":"closed","template":"","meta":{"footnotes":""},"class_list":["post-351","page","type-page","status-publish","hentry"],"_links":{"self":[{"href":"https:\/\/eisenacher-aufbruch.de\/wordpress\/wp-json\/wp\/v2\/pages\/351","targetHints":{"allow":["GET"]}}],"collection":[{"href":"https:\/\/eisenacher-aufbruch.de\/wordpress\/wp-json\/wp\/v2\/pages"}],"about":[{"href":"https:\/\/eisenacher-aufbruch.de\/wordpress\/wp-json\/wp\/v2\/types\/page"}],"author":[{"embeddable":true,"href":"https:\/\/eisenacher-aufbruch.de\/wordpress\/wp-json\/wp\/v2\/users\/2"}],"replies":[{"embeddable":true,"href":"https:\/\/eisenacher-aufbruch.de\/wordpress\/wp-json\/wp\/v2\/comments?post=351"}],"version-history":[{"count":9,"href":"https:\/\/eisenacher-aufbruch.de\/wordpress\/wp-json\/wp\/v2\/pages\/351\/revisions"}],"predecessor-version":[{"id":385,"href":"https:\/\/eisenacher-aufbruch.de\/wordpress\/wp-json\/wp\/v2\/pages\/351\/revisions\/385"}],"up":[{"embeddable":true,"href":"https:\/\/eisenacher-aufbruch.de\/wordpress\/wp-json\/wp\/v2\/pages\/1155"}],"wp:attachment":[{"href":"https:\/\/eisenacher-aufbruch.de\/wordpress\/wp-json\/wp\/v2\/media?parent=351"}],"curies":[{"name":"wp","href":"https:\/\/api.w.org\/{rel}","templated":true}]}}