{"id":83,"date":"2014-04-01T14:52:28","date_gmt":"2014-04-01T14:52:28","guid":{"rendered":"http:\/\/eisenacher-aufbruch.de\/wordpress\/?page_id=83"},"modified":"2015-07-06T08:01:48","modified_gmt":"2015-07-06T08:01:48","slug":"publikation","status":"publish","type":"page","link":"https:\/\/eisenacher-aufbruch.de\/wordpress\/publikation\/","title":{"rendered":"Publikation"},"content":{"rendered":"<h3><span style=\"color: #ff9900;\">Eisenacher Aufbruch protestiert gegen die Nichtbehandlung seines Dringlichkeitsantrages zum Abstimmungsergebnis am 15.6.15<\/span><\/h3>\n<p>Mit einer Presserkl\u00e4rung protestiert der Eisenacher Aufbruch gegen die Verbiegung der Gesch\u00e4ftsordnung des Stadtrates und die Nicht-Behandlung seines Dringlichkeitsantrags.<\/p>\n<p style=\"text-align: right;\">&#8211;&gt; hier lesen: <a href=\"https:\/\/eisenacher-aufbruch.de\/wordpress\/wp-content\/uploads\/2015\/06\/150630-Presseerkl\u00e4rung-EA-zur-SR-Sitzung-.pdf\">Presseerkl\u00e4rung EA zur Stadtrats-Sitzung<\/a><\/p>\n<h3><span style=\"color: #ff9900;\">Flyer zum Abstimmungsskandal im Eisenacher Stadtrat<\/span><\/h3>\n<p>Das aktuelle Flugblatt des Eisenacher Aufbruchs zum Skandal vom 24.6.2015<\/p>\n<p style=\"text-align: right;\">&#8211;&gt; hier komplett:<a href=\"https:\/\/eisenacher-aufbruch.de\/wordpress\/wp-content\/uploads\/2015\/07\/150624-EA-Flyer-S1.pdf\"> Seite 1,\u00a0<\/a><a href=\"https:\/\/eisenacher-aufbruch.de\/wordpress\/wp-content\/uploads\/2014\/04\/150624-EA-Flyer-S2.pdf\"> Seite 2<\/a><\/p>\n<h3><span style=\"color: #ff9900;\">Die Presserkl\u00e4rung des Eisenacher Aufbruchs zum Skandal im Stadtrat<\/span><\/h3>\n<p>Zum Abstimmungsskandal im Eisenacher Stadtrat nimmt der Eisenacher Aufbruch mit einer Pressemitteilung am 15.6.2015 Stellung.<\/p>\n<p style=\"padding-left: 30px; text-align: right;\">&#8211;&gt; hier lesen: <a href=\"https:\/\/eisenacher-aufbruch.de\/wordpress\/wp-content\/uploads\/2015\/06\/EA-Presserkl\u00e4rung-15.06.15.pdf\">EA-Presserkl\u00e4rung 15.06.15<\/a><\/p>\n<h3><span style=\"color: #ff9900;\">Leserbrief zum Tor zur Stadt<\/span><\/h3>\n<p>Der Leserbrief, den uns Frau Klimpt zur Verf\u00fcgung gestellt hat, war auch in der Eisenacher Presse abgedruckt.<\/p>\n<p style=\"text-align: right;\">&#8211;&gt; hier mehr: <a href=\"https:\/\/eisenacher-aufbruch.de\/wordpress\/wp-content\/uploads\/2014\/04\/Leser-Klimpt-Presse-15-05-2014.pdf\">Leserbrief &#8222;Tor zur Stadt&#8220; Presse 15.5.2015<\/a><\/p>\n<h3><span style=\"color: #ff9900;\">Frage der Th\u00fcringer Allgemeinen zur Kommunalwahl und die Antworten des Eisenacher Aufbruchs<\/span><\/h3>\n<p style=\"text-align: right;\">\u00a0&#8211;&gt; hier mehr: <a href=\"https:\/\/eisenacher-aufbruch.de\/wordpress\/wp-content\/uploads\/2014\/05\/Antworten-des-EA-auf-die-Fragen-der-TA.pdf\">Antworten des EA auf die Fragen der TA<\/a><\/p>\n<h3><span style=\"color: #ff9900;\"><strong>Kein Einkaufszentrum am Tor zur Stadt! Kein fauler Kompromiss!<\/strong><\/span><\/h3>\n<p>Am 06. M\u00e4rz fasste der Stadtrat einen Grundsatzbeschluss dazu, wie es mit dem Areal am Tor zur Stadt weitergehen soll. Viele Eisenacher und die B\u00fcrgerinitiative (BI) gegen ein Einkaufszentrum (EKZ) am Tor zur Stadt erwarten und fordern ein Alternativkonzept zu den bisherigen Planungen. Genau diese Forderung unterst\u00fctzt auch der Eisenacher Aufbruch von Beginn seiner Gr\u00fcndung an (seit Ende 2003). Im Stadtrat haben wir bisher immer<br \/>\nkonsequent gegen das geplante EKZ gestimmt.<br \/>\nEine klare Entscheidung des Stadtrates ist notwendig.<\/p>\n<p style=\"text-align: right;\">&#8211;&gt; hier mehr: <a href=\"https:\/\/eisenacher-aufbruch.de\/wordpress\/wp-content\/uploads\/2014\/04\/140326-Flugblatt-M\u00e4rz-2014.pdf\">140326- Flugblatt M\u00e4rz 2014<\/a><\/p>\n<h3 style=\"text-align: left;\">EA aktuell zum Ehrenkodex<\/h3>\n<p style=\"text-align: left;\">Nach der Verurteilung von Christian K\u00f6ckert (ehemaliger Th\u00fcringer Innenminister, Eisenacher Stadtrat und Beigeordneter) durch das Meininger Verwaltungsgericht, hat der Eisenacher Aufbruch zum dritten Mal den Antrag auf Einf\u00fchrung eines Ehrenkodex in den Stadtrat eingebracht. Der EA fordert au\u00dferdem die Aufhebung der Stadrats-Ehrenmitgliedschaft des Herrn K\u00f6ckert.<\/p>\n<p style=\"text-align: right;\">&#8211;&gt; hier mehr:\u00a0<a href=\"https:\/\/eisenacher-aufbruch.de\/wordpress\/wp-content\/uploads\/2014\/04\/Flugblatt-Ehrenkodex-aktualisiert-Maerz-2014.pdf\">EA zum Ehrenkodex im M\u00e4rz 2014<\/a><\/p>\n","protected":false},"excerpt":{"rendered":"<p>Eisenacher Aufbruch protestiert gegen die Nichtbehandlung seines Dringlichkeitsantrages zum Abstimmungsergebnis am 15.6.15 Mit einer Presserkl\u00e4rung protestiert der Eisenacher Aufbruch gegen die Verbiegung der Gesch\u00e4ftsordnung des Stadtrates und die Nicht-Behandlung seines Dringlichkeitsantrags. &#8211;&gt; hier lesen: Presseerkl\u00e4rung EA zur Stadtrats-Sitzung Flyer zum &hellip; <a class=\"more-link\" href=\"https:\/\/eisenacher-aufbruch.de\/wordpress\/publikation\/\">Weiterlesen <span class=\"meta-nav\">&rarr;<\/span><\/a><\/p>\n","protected":false},"author":2,"featured_media":0,"parent":0,"menu_order":0,"comment_status":"open","ping_status":"closed","template":"","meta":{"footnotes":""},"class_list":["post-83","page","type-page","status-publish","hentry"],"_links":{"self":[{"href":"https:\/\/eisenacher-aufbruch.de\/wordpress\/wp-json\/wp\/v2\/pages\/83","targetHints":{"allow":["GET"]}}],"collection":[{"href":"https:\/\/eisenacher-aufbruch.de\/wordpress\/wp-json\/wp\/v2\/pages"}],"about":[{"href":"https:\/\/eisenacher-aufbruch.de\/wordpress\/wp-json\/wp\/v2\/types\/page"}],"author":[{"embeddable":true,"href":"https:\/\/eisenacher-aufbruch.de\/wordpress\/wp-json\/wp\/v2\/users\/2"}],"replies":[{"embeddable":true,"href":"https:\/\/eisenacher-aufbruch.de\/wordpress\/wp-json\/wp\/v2\/comments?post=83"}],"version-history":[{"count":15,"href":"https:\/\/eisenacher-aufbruch.de\/wordpress\/wp-json\/wp\/v2\/pages\/83\/revisions"}],"predecessor-version":[{"id":484,"href":"https:\/\/eisenacher-aufbruch.de\/wordpress\/wp-json\/wp\/v2\/pages\/83\/revisions\/484"}],"wp:attachment":[{"href":"https:\/\/eisenacher-aufbruch.de\/wordpress\/wp-json\/wp\/v2\/media?parent=83"}],"curies":[{"name":"wp","href":"https:\/\/api.w.org\/{rel}","templated":true}]}}

<h3><span style="color: #ff9900;">Eisenacher Aufbruch protestiert gegen die Nichtbehandlung seines Dringlichkeitsantrages zum Abstimmungsergebnis am 15.6.15</span></h3>
<p>Mit einer Presserklärung protestiert der Eisenacher Aufbruch gegen die Verbiegung der Geschäftsordnung des Stadtrates und die Nicht-Behandlung seines Dringlichkeitsantrags.</p>
<p style="text-align: right;">&#8211;&gt; hier lesen: <a href="https://eisenacher-aufbruch.de/wordpress/wp-content/uploads/2015/06/150630-Presseerklärung-EA-zur-SR-Sitzung-.pdf">Presseerklärung EA zur Stadtrats-Sitzung</a></p>
<h3><span style="color: #ff9900;">Flyer zum Abstimmungsskandal im Eisenacher Stadtrat</span></h3>
<p>Das aktuelle Flugblatt des Eisenacher Aufbruchs zum Skandal vom 24.6.2015</p>
<p style="text-align: right;">&#8211;&gt; hier komplett:<a href="https://eisenacher-aufbruch.de/wordpress/wp-content/uploads/2015/07/150624-EA-Flyer-S1.pdf"> Seite 1, </a><a href="https://eisenacher-aufbruch.de/wordpress/wp-content/uploads/2014/04/150624-EA-Flyer-S2.pdf"> Seite 2</a></p>
<h3><span style="color: #ff9900;">Die Presserklärung des Eisenacher Aufbruchs zum Skandal im Stadtrat</span></h3>
<p>Zum Abstimmungsskandal im Eisenacher Stadtrat nimmt der Eisenacher Aufbruch mit einer Pressemitteilung am 15.6.2015 Stellung.</p>
<p style="padding-left: 30px; text-align: right;">&#8211;&gt; hier lesen: <a href="https://eisenacher-aufbruch.de/wordpress/wp-content/uploads/2015/06/EA-Presserklärung-15.06.15.pdf">EA-Presserklärung 15.06.15</a></p>
<h3><span style="color: #ff9900;">Leserbrief zum Tor zur Stadt</span></h3>
<p>Der Leserbrief, den uns Frau Klimpt zur Verfügung gestellt hat, war auch in der Eisenacher Presse abgedruckt.</p>
<p style="text-align: right;">&#8211;&gt; hier mehr: <a href="https://eisenacher-aufbruch.de/wordpress/wp-content/uploads/2014/04/Leser-Klimpt-Presse-15-05-2014.pdf">Leserbrief &#8222;Tor zur Stadt&#8220; Presse 15.5.2015</a></p>
<h3><span style="color: #ff9900;">Frage der Thüringer Allgemeinen zur Kommunalwahl und die Antworten des Eisenacher Aufbruchs</span></h3>
<p style="text-align: right;"> &#8211;&gt; hier mehr: <a href="https://eisenacher-aufbruch.de/wordpress/wp-content/uploads/2014/05/Antworten-des-EA-auf-die-Fragen-der-TA.pdf">Antworten des EA auf die Fragen der TA</a></p>
<h3><span style="color: #ff9900;"><strong>Kein Einkaufszentrum am Tor zur Stadt! Kein fauler Kompromiss!</strong></span></h3>
<p>Am 06. März fasste der Stadtrat einen Grundsatzbeschluss dazu, wie es mit dem Areal am Tor zur Stadt weitergehen soll. Viele Eisenacher und die Bürgerinitiative (BI) gegen ein Einkaufszentrum (EKZ) am Tor zur Stadt erwarten und fordern ein Alternativkonzept zu den bisherigen Planungen. Genau diese Forderung unterstützt auch der Eisenacher Aufbruch von Beginn seiner Gründung an (seit Ende 2003). Im Stadtrat haben wir bisher immer<br />
konsequent gegen das geplante EKZ gestimmt.<br />
Eine klare Entscheidung des Stadtrates ist notwendig.</p>
<p style="text-align: right;">&#8211;&gt; hier mehr: <a href="https://eisenacher-aufbruch.de/wordpress/wp-content/uploads/2014/04/140326-Flugblatt-März-2014.pdf">140326- Flugblatt März 2014</a></p>
<h3 style="text-align: left;">EA aktuell zum Ehrenkodex</h3>
<p style="text-align: left;">Nach der Verurteilung von Christian Köckert (ehemaliger Thüringer Innenminister, Eisenacher Stadtrat und Beigeordneter) durch das Meininger Verwaltungsgericht, hat der Eisenacher Aufbruch zum dritten Mal den Antrag auf Einführung eines Ehrenkodex in den Stadtrat eingebracht. Der EA fordert außerdem die Aufhebung der Stadrats-Ehrenmitgliedschaft des Herrn Köckert.</p>
<p style="text-align: right;">&#8211;&gt; hier mehr: <a href="https://eisenacher-aufbruch.de/wordpress/wp-content/uploads/2014/04/Flugblatt-Ehrenkodex-aktualisiert-Maerz-2014.pdf">EA zum Ehrenkodex im März 2014</a></p>

<p>Eisenacher Aufbruch protestiert gegen die Nichtbehandlung seines Dringlichkeitsantrages zum Abstimmungsergebnis am 15.6.15 Mit einer Presserklärung protestiert der Eisenacher Aufbruch gegen die Verbiegung der Geschäftsordnung des Stadtrates und die Nicht-Behandlung seines Dringlichkeitsantrags. &#8211;&gt; hier lesen: Presseerklärung EA zur Stadtrats-Sitzung Flyer zum &hellip; <a class="more-link" href="https://eisenacher-aufbruch.de/wordpress/publikation/">Weiterlesen <span class="meta-nav">&rarr;</span></a></p>
